p.
2, 7, 479
Let i be -6*(4 + (-8 - -3)). Let d(c) = i*c**2 + 0*c - 5 + 3*c + c - 3*c. List the prime factors of d(4).
5, 19
List the prime factors of (2148/16)/(6/232).
29, 179
Let p = 18922 + -9097. List the prime factors of p.
3, 5, 131
Let m be 4/6 - (2 - 10/3). Suppose 2*i = -2*i - 2*y + 98, m*i - 55 = 5*y. Suppose 0 = -24*o + i*o - 2. What are the prime factors of o?
2
Let t(c) = -1249*c - 137. What are the prime factors of t(-7)?
2, 13, 331
Let l = -14 + 305. Let s(m) = 139 - l - 3*m + 143. What are the prime factors of s(-6)?
3
Let y(a) be the first derivative of -3*a**4/4 - 3*a**3 - 3*a**2/2 - a + 70. List the prime factors of y(-6).
11, 31
What are the prime factors of 52192/336 + (-24)/(-9)?
2, 79
Let x be (-3)/(24/(-56)) - 4. Suppose -x*n - 12 = 0, 3*l = 4*n - 3*n + 232. List the prime factors of l.
2, 19
List the prime factors of 3 - (3 + (-2)/3*(-6 - -10323)).
2, 19, 181
Let f = 12883 + -7233. What are the prime factors of f?
2, 5, 113
Let x(g) = g**2 + 12*g - 8. Let i be x(-13). Let p be i*(2 - 65/25). List the prime factors of 4/(-12)*p*5.
5
Let a = 1507 + 601. What are the prime factors of a?
2, 17, 31
Let w(i) be the first derivative of 10*i**2 + 63*i - 33. Let z be w(-10). Let j = 222 + z. What are the prime factors of j?
5, 17
Let l = 68451 + -45255. What are the prime factors of l?
2, 3, 1933
Suppose -7730 = -69*l + 66*l - 2*i, -l + 4*i + 2558 = 0. What are the prime factors of l?
2, 3, 11, 13
Suppose 4*t = 63 + 217. Suppose 3*q - 102 = 3*l + 120, 2*q - 163 = -l. Let p = q - t. What are the prime factors of p?
3
Let y = -74 + 76. What are the prime factors of (155 - (-5 - y)) + 8?
2, 5, 17
Suppose -4*n - 18 = 2*c - 48, -6 = -2*c. Suppose -6209 = -t - n*t. What are the prime factors of t?
887
Suppose 2*r = -3*p + 4*r - 802, -3*p - 809 = 5*r. Let g = 784 + p. What are the prime factors of g?
2, 3, 43
Let x be 30/8*(-780)/(-117). Let z(n) = 3*n**2 + 3*n. Let f be z(5). Let q = f + x. List the prime factors of q.
5, 23
Suppose -6*b = -4*b + 4*c - 8704, 3*c + 21773 = 5*b. What are the prime factors of b?
2, 7, 311
Let y be (-3)/(-3) - (5968/4)/(-4). Suppose -3*l - 2*d = -581, -2*l + 9*d = 7*d - y. What are the prime factors of l?
191
Let j = 9205 - 2203. List the prime factors of j.
2, 3, 389
Suppose 3*j - 2*j = 2. Let i(u) = -16 + j*u + 35*u - 21*u. What are the prime factors of i(7)?
2, 3
Suppose 3*x - 2*u - 5 = 12, -7 = -x + u. What are the prime factors of (-1)/(x + 1255/(-418))?
2, 11, 19
Suppose 0*j - 354 = -2*o + 5*j, 2*j + 531 = 3*o. Suppose -449 - o = -i. What are the prime factors of i?
2, 313
Let u(v) = v**3 - 9*v**2 + 7*v + 5. Let l(k) = -6*k + 8. Let d be l(0). Let m be u(d). What are the prime factors of -21*(10/m + -4)?
2, 7, 11
Suppose -1378*q + 76515 = 5*m - 1375*q, 30606 = 2*m + 2*q. What are the prime factors of m?
3, 5101
Let g = -91 + 46. Let k = 50 + g. Suppose k*y - 82 = 3*y. What are the prime factors of y?
41
Let b be 60/(-80) + (-3)/(-4). Suppose b = 5*k + 4*z - 5348, -5*k = 4*z - 3*z - 5357. List the prime factors of k.
2, 67
Suppose -4*j - 77 + 145 = 0. Suppose 0 = j*o - 9*o - 2448. What are the prime factors of o?
2, 3, 17
Let x(v) = 24*v + 14 - 17*v**2 + v**3 - 4*v**2 - v**2 - 2*v**3. Let j be x(-24). Suppose -2*a + j = 3*a. List the prime factors of a.
2, 59
Suppose 4*m = -10*m. Suppose m = -a - 5*o + 4*o + 6, 8 = a - o. What are the prime factors of a?
7
Suppose -3*l = -f + l + 927, 2*f - l - 1854 = 0. Suppose -3*b + 5*x = -1652, 0 = 4*b + 4*x + f - 3119. What are the prime factors of b?
3, 61
Let f(j) be the third derivative of j**5/15 + j**4/24 - j**3/3 + 231*j**2. Let u = -3 - -1. What are the prime factors of f(u)?
2, 3
Let z(y) be the first derivative of y**3/3 + 15*y**2 + 50*y + 34. What are the prime factors of z(-42)?
2, 277
Let w(r) = 3*r**2 - 59*r + 25. Let m be w(17). Let j = m - -818. What are the prime factors of j?
7, 101
Let d(c) = -6*c**2 - 10*c + 43. Let s be d(6). List the prime factors of 14/((-14)/7) - s.
2, 113
Let z be 2/((-108)/56 + 2). Let l = z - 75. Let d = 67 + l. List the prime factors of d.
2, 5
Suppose -12*p = -15*p, 3*g + 2*p = 15. Suppose -5*c = n - 342, -5*c + 8*c = -g*n + 1798. List the prime factors of n.
2, 181
Suppose 330*w = 331*w - a - 18731, -40 = -5*a. What are the prime factors of w?
7, 2677
Let s be 672/(-357) + 2/(-17) + 0. What are the prime factors of ((-126)/28)/(s/204)?
3, 17
Suppose -4*f = 5*z - 17693, -2*f = -46 + 32. What are the prime factors of z?
3533
What are the prime factors of -1002*(-15 + -1)*(392/48 - 8)?
2, 167
Let u(z) = 28*z - 14. Let h(t) = 2*t - 1. Let y(o) = 77*h(o) - 6*u(o). List the prime factors of y(-30).
7, 61
Let t(k) = k**2 + 22*k + 78. Let a be t(-20). List the prime factors of 74/(-4)*(20 - a).
3, 37
List the prime factors of (54/(1728/(-160)))/(2/(-13378) + 0).
5, 6689
Let o(z) = 6*z - 117. Let b be o(21). Suppose -b*y = 802 - 2647. What are the prime factors of y?
5, 41
Let g = 44 + -124. Suppose -14*c + 10*c = -892. Let b = c + g. What are the prime factors of b?
11, 13
Let b be 163/3 - -4*6/(-72). Suppose -22*k + 25*k = b. Suppose -3697 = -k*q + 335. List the prime factors of q.
2, 7
Suppose -13*w = 6*w + 1273. Let b = w + 69. What are the prime factors of b?
2
Suppose 2*r + 2*m - 292 = 0, 5*r - 638 - 110 = m. What are the prime factors of (9/(-6))/((-3)/(-6)) + r?
2, 73
List the prime factors of (698522/33)/(11/(297/18)).
31751
Suppose -17*f + 288550 = 59256 - 74020. List the prime factors of f.
2, 11, 811
Let g(r) = r**2 + 11*r + 3. Let y = -23 - -37. List the prime factors of g(y).
353
Suppose 6*v - 4 = 7*v. Let w be ((-5)/(-1))/(v/(-60)). List the prime factors of ((-480)/w)/((-4)/50).
2, 5
Suppose 809*g + 3*z - 53802 = 806*g, -4*g + 71735 = 5*z. List the prime factors of g.
5, 17, 211
Suppose 5*m + 3*s - 271066 + 58103 = 0, 0 = -5*m - 4*s + 212959. List the prime factors of m.
5, 7, 1217
Let k be -2*1/(-2) + -3 + 7. Suppose 4*f = -5*i, k*i - f + 21 = -4. Let b(o) = 8*o**2 - 3*o - 3. List the prime factors of b(i).
137
Let l(k) = -k**2 - 22*k - 116. Let d be l(-10). Suppose -d*v + 2768 = -4*n, 4*n = 2*v - 708 - 680. What are the prime factors of v?
2, 3, 5, 23
Suppose 3*d - 4 - 8 = 0. Let k(a) = 114*a**2 + 0 - 6 - 219*a**2 + 3*a + 111*a**2 - 4*a. List the prime factors of k(d).
2, 43
Suppose -16 = -q - 13. Suppose q*u - 15 = -2*x, 5 + 1 = 2*x. Suppose -48 - 147 = -u*c. List the prime factors of c.
5, 13
Let b = 1642 + -1105. Suppose 0 = -3*l - 5*a + 1117, 4*a + 562 = 3*l - b. Suppose 2*h = 6, 4*f + h - l = 6*h. What are the prime factors of f?
2, 3
Let i(t) = -3*t + 6. Let w be i(-1). Suppose 0 = -w*d - 0*d. Suppose d = -3*c + f + 259, -3*c = 4*f - 313 + 44. What are the prime factors of c?
3, 29
Let b(g) = 86*g**2 + 30*g + 75. Let n(y) = -431*y**2 - 151*y - 373. Let k(r) = 11*b(r) + 2*n(r). What are the prime factors of k(-3)?
751
List the prime factors of 1/(((-72)/2352)/(6378/(-4))).
7, 1063
Let b(h) = -39*h - 3. Let c = 2 - 4. Let z be b(c). Suppose -z - 183 = -3*n. List the prime factors of n.
2, 43
Suppose -3*b - 5*t + 29 = 0, 6 = -5*t + 26. Suppose u + 464 = b*r, -3*r - 3*u + 155 + 301 = 0. List the prime factors of r.
2, 7, 11
Let w = -64 + 106. Suppose -53 = -5*n - 2*d + d, d = -4*n + w. Suppose 4*l - n - 13 = 0. What are the prime factors of l?
2, 3
Suppose -42 = 3*x - 15. Let q be (-2)/x*(-165)/(-44)*6. Suppose 0 = 2*k - 175 - q. What are the prime factors of k?
2, 3, 5
What are the prime factors of (-32640)/(-224)*147/6?
2, 3, 5, 7, 17
Let d(z) = z**3 - 53*z**2 - 25*z - 187. What are the prime factors of d(55)?
2, 3, 11, 17
Let i(o) = o**2 + 4*o + 7. Let y be i(-3). Suppose y*h - 10 - 10 = 0. Suppose h*a - 56 = -t - 2*t, -4 = -2*t. What are the prime factors of a?
2, 5
Let b(z) = 10*z - 918 + 460 + 450. List the prime factors of b(7).
2, 31
Let k be (5 - 7/2)*72/27. Suppose 5*q - 4*t = 7730, -5*q - k*t + 12494 - 4804 = 0. List the prime factors of q.
2, 3, 257
Let z = -7978 - -8373. List the prime factors of z.
5, 79
Suppose -7*x - 1613 = -18035. Suppose b + 1346 = s, -2*s + 5*b + x + 358 = 0. What are the prime factors of s?
2, 11, 61
Let k = 17085 + -9683. List the prime factors of k.
2, 3701
Suppose 0 = -2*w + 1025 + 205. Suppose 3*a - w - 24 = -3*c, 3*a - 2*c = 644. What are the prime factors o